4).
2
Let v be -5 + (-5 - 6) + -4. Let a(o) = -o**2 - o - 1. Let r be a(-2). Let t = r - v. What are the prime factors of t?
17
Let t(i) = -23*i**3 - i**2 - 2. List the prime factors of t(-3).
2, 5, 61
Suppose -5*z - 635 = -5*h, -4*h + 323 = 3*z - 164. Suppose o - h + 7 = 0. Suppose 2*r - j = 59, 0 = -4*r - 0*j + j + o. List the prime factors of r.
29
Suppose -8 = 4*v + 8. Let p(q) be the third derivative of -q**5/60 - 5*q**4/24 + q**3/2 + 30*q**2. What are the prime factors of p(v)?
7
List the prime factors of (-2)/(-17) - (-982828)/374.
2, 3, 73
Suppose 4*w = 5*w - 5. Suppose w*u - 26 - 4 = 0. What are the prime factors of 21/u*12/21?
2
Suppose -8*b = -d + 1643, 8*b - 7*b + 4860 = 3*d. What are the prime factors of d?
1619
Let z = -128 + 331. Let l = 284 - z. List the prime factors of l.
3
Let c = -49 + 51. Suppose -2*a + c = -3*p - 1, -3*a - 3*p = -12. List the prime factors of a.
3
Suppose 4*c - 5*c = 4, -2*c = -3*b + 773. List the prime factors of b/6*12/10.
3, 17
Let q = -956 - -1710. What are the prime factors of q?
2, 13, 29
Let v = -8281 - -12459. List the prime factors of v.
2, 2089
List the prime factors of (254 - (1 + 4))*1/3.
83
Let y = 24 + -21. Suppose 0 = 5*p + y*o - 328, -p = p + 4*o - 134. List the prime factors of p.
5, 13
Let a = 847 + -561. List the prime factors of a.
2, 11, 13
Let s(f) = -2*f - 21. Let h be s(-12). Suppose 3*c + 3*z = 681, 0 = 2*c - h*z - 2*z - 419. What are the prime factors of c?
2, 3, 37
Let t(f) = -63*f - 3. List the prime factors of t(-9).
2, 3, 47
Suppose 35 = 4*p - i - 83, -3*i = -5*p + 151. List the prime factors of p.
29
Suppose -c = 5, 3*c - 502 = -2*x + 3901. What are the prime factors of x?
47
Suppose 2*h - 5*k = 301 + 545, -3*h = -2*k - 1269. What are the prime factors of h?
3, 47
Suppose 0 = u + 4*u + 4*i - 31, -12 = -3*i. Let y(w) = 2 - 3*w - 7 + u - 4. What are the prime factors of y(-4)?
2, 3
Suppose -5*h = 1 - 1. Suppose h = 3*v - 5*p - 173 - 240, 5*p = -2*v + 267. What are the prime factors of v?
2, 17
Let m = 6 + -15. Let g = -179 + 201. Let r = g + m. List the prime factors of r.
13
Let a(h) be the third derivative of 137*h**5/30 - h**4/24 - h**3/6 - 35*h**2. List the prime factors of a(-1).
2, 137
Suppose -2*j + 7*j - 20 = 0. Suppose 5*t = j + 136. Let s = 44 - t. List the prime factors of s.
2
Let d = -794 - -1541. List the prime factors of d.
3, 83
Suppose h - 4*p + 16 = -2*p, h + 3*p - 4 = 0. Let c(i) = -i**3 - 5*i**2 + 21*i + 16. What are the prime factors of c(h)?
2, 5
Let i(x) = -20*x**3 - 53*x**2 + 45*x - 78. Let k(w) = 7*w**3 + 18*w**2 - 15*w + 26. Let z(g) = -6*i(g) - 17*k(g). List the prime factors of z(-13).
2, 13
Let y(m) = m**3 + 9*m**2 + 9*m + 3. Let f be y(-7). Let h = f - 0. Let u = h + -22. List the prime factors of u.
2
Let o = 24 + -17. Let d = -7 + o. Suppose -3*t - t + 5*m + 144 = d, 0 = -2*m - 8. What are the prime factors of t?
31
Let x be (-27)/6 - (-2)/(-4). Let d(p) be the second derivative of p**4/12 + p**3/3 + 5*p**2/2 - 16*p + 1. What are the prime factors of d(x)?
2, 5
Let z(n) = 2*n + 14. Let b be z(-6). What are the prime factors of (b + 91)*(-1)/(-3)?
31
Let h(i) = 19*i - 2. Let g be h(1). Suppose -5*t + 5 = 0, -3*w + t = 6*t - g. Suppose -n + v = n - 118, -w*v + 68 = n. List the prime factors of n.
2, 3, 5
Let z = 100 - 58. Suppose 6*w + 2*t - 110 = 3*w, 0 = w + 2*t - z. List the prime factors of w.
2, 17
Let v be (-12 - (0 + -3)) + (-3)/(-1). What are the prime factors of -2 - 1286/(-6) - 4/v?
3, 71
Suppose 10 = -6*l + 11*l. List the prime factors of 2235/24 + l/(-16).
3, 31
Let a be (2 + -1)*1 + 28. Let n = -56 - -44. Let p = n + a. What are the prime factors of p?
17
Let o = 288 + -132. List the prime factors of o.
2, 3, 13
Let f be (12/18*(-3)/2)/(-1). What are the prime factors of (11/(-2) + 3)/(f/(-6))?
3, 5
Let p = 6 + -8. Let r be 7 + -1 - (p + 5). Suppose 0 = r*f - 0*f + 9, 5*h + 2*f = 84. What are the prime factors of h?
2, 3
Suppose 205*r + 29963 = 224*r. What are the prime factors of r?
19, 83
Suppose 41*z = -2*l + 42*z + 4588, 2*l - 4594 = -2*z. What are the prime factors of l?
3, 5, 17
Let s(m) = m**2 - 1. Let q be s(1). Suppose 4*d + 100 = -q. Let y = d - -82. List the prime factors of y.
3, 19
Let c = -66 + 68. Suppose c*t = 84 - 20. List the prime factors of t.
2
Let l(p) = 75*p + 32. What are the prime factors of l(1)?
107
Let d be 4/6 - (-128)/24. Let p(u) = 6*u - 4*u - 3*u + d + u**2. List the prime factors of p(5).
2, 13
Suppose -j - 1650 = -16*j. What are the prime factors of j?
2, 5, 11
Let p = -70 - -142. Suppose 0*g - 5*g - o = -p, o = g - 18. What are the prime factors of g?
3, 5
Let d(o) = 21*o + 2. Suppose 0 = -l + 2*m - 5 - 2, -3*l - 2*m + 19 = 0. List the prime factors of d(l).
5, 13
Suppose -4 = -3*j + 26. Let z(o) = -9*o**3 + 8*o**3 - o + 7 + 12*o**2 - 3*o - 11*o. List the prime factors of z(j).
3, 19
Let x(r) = -15*r + 27. Suppose 44 - 39 = -s. What are the prime factors of x(s)?
2, 3, 17
Let y be (-20)/(-9) + 2/(-9). Suppose -y*h = h. What are the prime factors of (0 - 1)*(-19 + h)?
19
Let d be (-315)/6 - (-2)/(-8)*-6. Let j = d - -81. List the prime factors of j.
2, 3, 5
Let m = -849 - -1591. Suppose 982 = 4*t + q + 4*q, -3*t - q = -m. What are the prime factors of t?
2, 31
Suppose -10*y - 252 = -24*y. Suppose i - 6 = -v, y = i + 2*i + v. List the prime factors of i.
2, 3
Suppose 392 = 3*j - 2*t, 5*j - 5*t - 386 = 2*j. Let d = -86 + j. What are the prime factors of d?
2, 23
Suppose 0 = -53*b + 27*b + 10192. What are the prime factors of b?
2, 7
Let w(i) = 88*i - 5. Let k be w(1). Suppose 24*z + k = 25*z. List the prime factors of z.
83
Let k(j) = j**2 - 11*j + 1. Let h be k(12). Let l = 1 - -1. What are the prime factors of h/(-26) - (-45)/l?
2, 11
Let u be ((0/1)/1)/2. Suppose u = 2*m - 8. Suppose -m*z = 2*k - 3*k - 24, 5*k = -2*z - 10. What are the prime factors of z?
5
Let m = 99 - -725. What are the prime factors of m?
2, 103
List the prime factors of (-1 - -13)/((-160846)/12376 + 13).
2, 13, 17
Suppose 2*r = 2*n - 534, -5*n + 4*r + 797 = -2*n. List the prime factors of n.
271
Let h be 548/8*6 - -5. Suppose 2*g + 0*g - 4*v = 416, -2*v + h = 2*g. What are the prime factors of g?
2, 13
Let a = 204 - -32. Suppose 3*r = l + 22 + 148, -l + a = 4*r. Let c = r + -12. What are the prime factors of c?
2, 23
List the prime factors of (-1 - 2)/(30/(-1080)).
2, 3
Suppose -471 - 215 = -7*p. Suppose -o = -37 - p. Let g = o - 80. What are the prime factors of g?
5, 11
Let y(j) = 22*j - 539. List the prime factors of y(44).
3, 11, 13
Let q = -21 + 24. Suppose -q*l + 3*h = 122 - 419, 196 = 2*l - 3*h. What are the prime factors of l?
101
Suppose 0 = 12*t - 7*t + 3*r - 5803, -4*t = 2*r - 4642. What are the prime factors of t?
2, 5, 29
Suppose 4*p + 23*o = 22*o + 2129, -p = 4*o - 551. List the prime factors of p.
3, 59
Let j(r) = 357*r**2. Let o be j(-1). What are the prime factors of ((-2)/14*-6)/(17/o)?
2, 3
Suppose -5*p + 11901 = -r, 8*p - 5*p - 3*r = 7131. What are the prime factors of p?
2381
Suppose -120 = -5*s - 5*c, 3*c = -c. Let j = 26 - s. Suppose 4*o - 136 = j*d, d + 64 = 2*o - 2*d. What are the prime factors of o?
5, 7
Let r(n) = 6*n**2 + 10*n - 78. What are the prime factors of r(-15)?
2, 3, 11, 17
List the prime factors of 5/((-3)/12*10) + 3967.
5, 13, 61
Let j = 7962 + -4802. List the prime factors of j.
2, 5, 79
Let q = -102 + 109. Let z(g) = g**3 + 10*g**2 - 8*g - 7. Let u(y) = 3*y**3 + 21*y**2 - 16*y - 14. Let c(a) = 2*u(a) - 5*z(a). List the prime factors of c(q).
2, 7
Suppose 0 = -a - 10*y + 5*y + 1286, 0 = -5*y. What are the prime factors of a?
2, 643
Let g(o) = 7*o - 5*o - 3*o + 12. List the prime factors of g(8).
2
Suppose 2*r = -d + 557, -5*d = -24 - 1. What are the prime factors of r?
2, 3, 23
Suppose 3*k - 4*k = -3. Suppose -4*y - k*x = -8, 3 = 2*y - 5*x - 1. What are the prime factors of y?
2
What are the prime factors of (0 + (-10)/(-15))/(4/4146)?
691
Let r = -49 + 144. Let d = -33 + r. List the prime factors of d.
2, 31
Let t = 7 + -2. List the prime factors of ((-111)/15)/((-1)/t).
37
Let q be -8 + 6 - (-145 + (0 - 1)). Let j = -103 + q. What are the prime factors of j?
41
Suppose -152*t = -145*t - 7217. List the prime factors of t.
1031
Suppose -4971 = -4*n + 3*b, -5*n - 2*b + 3707 = -2*n. List